 = h**2 - 21*h + 16. Let j be u(20). Calculate r(j).
1
Let f(u) = 13*u**2 + 5*u - 50. Let q(c) = -6*c**2 - 2*c + 22. Let p(r) = -3*f(r) - 7*q(r). Calculate p(3).
20
Let x(l) be the first derivative of l**5/20 + 7*l**4/12 - 2*l**2 + 5*l - 31. Let y(c) be the first derivative of x(c). Determine y(-7).
-4
Let o(s) = -5*s**2 + s - 33 - s**3 + 12 + 16*s**2 - 17*s. Let y be o(9). Let a(r) = r**2 - 2*r + 1. Determine a(y).
16
Let t(w) = 6*w - 48. Let l(f) = -5*f + 40. Let x(j) = -5*l(j) - 4*t(j). Calculate x(0).
-8
Let i(t) = 7*t**2 - 9. Suppose -3*l + 2 = -13, -2*q - 13 = -3*l. Let v(h) = h**3 - h - 1. Let p(n) = q*i(n) - v(n). What is p(7)?
-1
Let y = 501 + -498. Let t(m) = 2*m - 1. Give t(y).
5
Let s(u) = -5*u**3 + u**2 + 2. Let q be (-6 + 16 + -9)*2*1. Give s(q).
-34
Let d(f) be the second derivative of f**4/12 - 5*f**3/6 + 7*f**2/2 - 4*f - 5. Give d(7).
21
Let c(m) = -36*m**3 + 2*m**2 - 1. Let k be c(-1). Let n = k - 21. Let d(x) = -n + 5 + 5 + x. Determine d(3).
-3
Let g = 19 - 11. Let p = -3 + g. Let q(i) = i**2 - 2*i - 5. Give q(p).
10
Let u(b) = b**2 - 2*b + 8. Suppose 4*f = 2*j + 16 + 14, -f - 2*j = 0. What is u(f)?
32
Let p(v) = -v - 4. Suppose -2*q - 7*y + 24 = -3*y, 0 = 3*q - 3*y. Give p(q).
-8
Let d = 45 - 18. Suppose -p = -y - 7, 2*p = 5*y - p + d. Let t(u) = -u - 2. Give t(y).
1
Let v(g) = g. Let f = 0 + 5. Suppose -f*i = w + 23, 4*w + 2*i + 2 = -0. Suppose -2*z - a + 3*a + 18 = 0, 22 = 3*z - w*a. What is v(z)?
4
Let g(m) = m**2 - 6*m + 4. Suppose -3 = -t + 7. Suppose -2*p = f - t, 2*f = -4*p + f + 18. What is g(p)?
-4
Let k(j) = 34*j - 4 - 13 - 11*j - 12*j + j**3 - 11*j**2 + 2. Calculate k(10).
-5
Let c(r) = r - 1. Let g = -4 + 91. Let i = -80 + g. Determine c(i).
6
Suppose -z = 5*g - 63 + 10, -3*z + 5*g = -239. Let o(t) = -37*t + z*t - 20 + 4 - 37*t. Determine o(0).
-16
Let y(g) = -15890*g - 3 + 7949*g - 3*g**2 + 7945*g. Let t be (3 + -10)*2/(-7). Calculate y(t).
-7
Let r(n) = n + 12. Let b = -987 + 993. Calculate r(b).
18
Let h(p) = p**2 - 20*p - 19. Let g be h(21). Let b(l) = -l**3 + 2*l**2 + 2*l. Give b(g).
4
Let b(v) be the first derivative of 2*v**3 + 5*v**2/2 - 10*v - 8. Let j(c) = 5*c**2 + 4*c - 9. Let u be 2/3*120/(-16). Let w(l) = u*j(l) + 4*b(l). What is w(4)?
-11
Let j = -20 - -23. Let g be 1*(-7 + (0 - 0)). Let l(m) = m + 2. Let k(d) = 3*d + 4. Let s(q) = g*l(q) + j*k(q). Calculate s(3).
4
Let g(u) = -u**3 + 5*u**2 + 10*u - 6. Suppose 5*v - 28 = -4*f + 25, -60 = -5*f - 5*v. What is g(f)?
-34
Let x(l) be the first derivative of l**3/3 + 17*l**2/2 + 32*l + 331. Give x(-15).
2
Let y(o) = -1. Let j(t) = t + 10. Let m(v) = -j(v) - 4*y(v). What is m(-5)?
-1
Let q = -3 - 1. Let t(c) = c**3 + 5*c**2 + 4*c + 4. Let l be t(q). Let j be (-5 + 15)*(-2)/l. Let z(n) = n**2 + 3*n + 1. Give z(j).
11
Suppose 5*w + 10 = q, 0 = q + 4*w - 5 - 23. Let o(a) = -2*a + 48. Give o(q).
8
Let x(h) = 15*h - 4*h + 1 - 8*h - 6*h. Let j be (9/6)/(3/4). What is x(j)?
-5
Let s(z) be the third derivative of -z**4/24 - 11*z**3/6 + 5*z**2 + 3. Calculate s(-13).
2
Let v = 9 + -8. Let a = v - -4. Let k(l) = -3 + 428*l + 6 - 427*l. Determine k(a).
8
Let i(a) = -a**3 - a**2 - a. Let h(c) = -2*c**3 - 2*c**2 - 2*c + 3. Let p(q) = h(q) - 4*i(q). Let f = -43 - -41. What is p(f)?
-9
Let i(y) = -y - 12. Let b be i(-13). Let m be (b - -3)/2 - -4. Let d be 2 + (m/(-3) - 1). Let l(t) = -12*t**2 + 1. Give l(d).
-11
Let f be -9*((-12)/9 + 2). Let q(n) = 2*n + 20. Calculate q(f).
8
Let q(w) = -w**3 + 6*w**2 - 7*w + 6. Suppose -y - 383 = -388. Calculate q(y).
-4
Suppose 0 = -7*f + 2*f + 35. Let a(b) = -b**2 + b - 11. Let m(o) = -o - 1. Let i(w) = -a(w) + 6*m(w). What is i(f)?
5
Let c(k) = -21*k + 3. Let j(g) = -26*g + 4. Let d(m) = 6*c(m) - 5*j(m). Give d(1).
2
Suppose -3*z - 12 = -5*t - z, -2*t - 2*z + 16 = 0. Suppose t*l = x + 12, -l + 5 = 4*x + 2. Let o(u) = -u**2 + u + 3. Determine o(x).
3
Let p(l) = -5*l**2 + 10*l + 16. Let x(m) = 7*m**2 - 11*m - 17. Let h(d) = 4*p(d) + 3*x(d). What is h(-7)?
13
Let r(s) be the third derivative of s**5/30 - 7*s**4/24 + 5*s**3/6 - 54*s**2. Determine r(6).
35
Let b(k) = -13 - 1 + 80*k - 86*k + 4 + 6. What is b(-2)?
8
Let c(d) = d**3 + 17*d**2 + 31*d + 3. Suppose 2*h + 2 = 0, 5*f + h + 84 = 8. Calculate c(f).
-12
Let m = -34 + 47. Let k(i) = -m*i**2 + 6*i - 2*i**3 + i**3 + 8*i**2 + i + 1. Let s = -5 + -1. What is k(s)?
-5
Let a = -14 + 17. Let z(b) = -5*b + 1. Let o be z(-1). Let g(p) = -2*p**a + p + 1 + p**3 - 1 + 5 - o*p**2. Give g(-6).
-1
Let s(f) = f + 1. Let u be (-6 - -1)*(-2 + 3). Let q be (-5 - u)/(0 + 1). Calculate s(q).
1
Let w(r) = 2*r**2 + r - 1. Let i = 78 + -81. Calculate w(i).
14
Let l(k) = 2*k + 3. Let f(j) = j - 1. Let p(s) = 4*f(s) + l(s). Let r be p(-1). Let z(n) = n**2 + 8*n + 2. What is z(r)?
-5
Let u(r) = -r + 14. Let o(f) = 2*f - 28. Let i be 1/(-5)*(-25 - -15). Suppose g = -5*a + 2*g + 11, i*g - 5 = a. Let j(l) = a*o(l) + 5*u(l). What is j(0)?
-14
Let j = 2566/3 - 855. Let s(z) be the first derivative of z**4 + j*z**3 + z**2 + z + 1. Determine s(-1).
-4
Let v(a) be the second derivative of a**5/20 - a**4/6 + a**3/3 + 3*a**2/2 + 2*a - 3. Determine v(3).
18
Let h be (5/(-2) + 3*1)*-6. Let r(i) be the third derivative of -i**2 + 0 - 1/120*i**6 + 0*i - 1/20*i**5 - 1/8*i**4 + 1/6*i**3. Determine r(h).
10
Suppose 4*m - 4*t - 10 = 2*m, -m + t = -4. Let f(g) = -m*g**3 - 5*g + 2*g**3 - 1 + 4*g**2 + 2*g**3. Let x(a) = a + 22. Let v be x(-27). Determine f(v).
-1
Let t(j) = -2*j + 72. Let f be t(36). Let m(n) = -n**3 + n**2 - 35. Give m(f).
-35
Let z = 24 + -25. Let f(h) = h**3 - 3*h**2 - h + 6. Let r be f(3). Let u(a) = -7*a**3 - 5*a**3 - 1 + a**r + 3*a**3. Calculate u(z).
7
Let d be (3/(-9)*-1)/(14/(-504)). Let n(i) = -i**2 - 16*i - 16. What is n(d)?
32
Let u(s) = -s**3 + 3*s**2 - 3*s - 4. Let i(c) = 3*c**3 - 9*c**2 + 8*c + 12. Let a(x) = 3*i(x) + 8*u(x). Let n = -48 + 51. Give a(n).
4
Let o(j) be the first derivative of 2*j - 20 - j**3 - 1/4*j**4 + 0*j**2. Determine o(-3).
2
Let w(g) = -2*g + 19 + 3*g - 41 + 17. Let c(m) = -m + 3. Let y(v) = 5*c(v) + 2*w(v). What is y(5)?
-10
Let n(h) be the second derivative of -h**6/120 + 7*h**5/60 - h**4/12 - 5*h**3/6 - 18*h**2 + 17*h. Let j(l) be the first derivative of n(l). Determine j(6).
19
Let c(d) be the first derivative of -1/3*d**3 + 49 - 7*d + 9/2*d**2. Determine c(7).
7
Let j(y) = y**2 + 6*y + 1. Suppose 12*d = 5*d + 210. Let m = d + -33. Determine j(m).
-8
Let c(v) = -v**3 + 3*v**2 - 2. Let d = 571 - 567. Determine c(d).
-18
Let b(p) be the second derivative of -p**5/20 + 2*p**4/3 + 4*p**3/3 + 3*p**2/2 - 12*p - 1. Determine b(9).
-6
Let v be (-5 - (-28)/12)*(-6)/(-2). Let p(s) = -s**3 - 8*s**2 - 2*s + 6. What is p(v)?
22
Suppose -3*r - 30 = 3. Let v(m) = m**3 + 11*m**2 + 9. Give v(r).
9
Let h(g) = 3*g - 5. Let q be (-17)/3 + 14/21. Let x(a) = -5*a + 8. Let o(m) = q*x(m) - 8*h(m). Suppose -63 + 18 = -9*y. What is o(y)?
5
Let c(t) = 14*t. Suppose 22 = -4*o + 15*o. Give c(o).
28
Let z(g) = -6*g**2 - 1. Let q(b) = 3*b - 10. Let y be q(3). Give z(y).
-7
Let s(u) = -3*u**2 - 2*u - 3. Let p = 31 - 28. Let a = 1 - p. Give s(a).
-11
Let r(g) = g**3 - 3*g**2 - 2. Let i(b) = 2*b**3 - 5*b**2 + b - 4. Let u(m) = -2*i(m) + 5*r(m). What is u(3)?
-26
Let h(r) = -r**3 - 10*r**2 - 21*r + 2. Let g be h(-7). Let i(z) = z**3 + z**2 + z - 2. What is i(g)?
12
Let t(b) be the second derivative of b**4/12 + 11*b**3/6 - 9*b**2/2 + 25*b + 4. Calculate t(-12).
3
Let n(g) = 32*g + 1. Let w(x) = 7*x. Let t(b) = 2*n(b) - 9*w(b). What is t(2)?
4
Let o(k) = -k**3 - 2*k**2 - 3*k - 3. Let a be 284/355*10/(-4). Calculate o(a).
3
Let d(z) = 2*z**3 + 16*z**2 + 6. Let b be 46/(-4) - (-210)/60. Give d(b).
6
Let l(w) = -5*w**3 - w - 5. Let i(m) = -m**3 + m**2 - 1. Let v(n) = -3*i(n) + l(n). Determine v(-2).
4
Let f be (2 + 7/(-3))*-18. Suppose 2*z - f = -2*s, -2*s + 7 = -s + 2*z. Let t(q) = -15*q - 1. Determine t(s).
14
Let u(v) = -8*v - 1. Let h be (10/(-6) + 1)/((-8)/24). Let p = -6 + 10. Suppose h*l + 6 = p. What is u(l)?
7
Let g(z) = -z**3 - 5*z**2 - 3*z - 1. Suppose -9 = -0*o + 3*o. Let b be o*((-1)/1 + 16). Let x be (-102)/27 - (-10)/b. What is g(x)?
-5
Let u(v) = -v**2 + 3*v + 3. Let n = 36 + -41. Let y be 1 - (2 - 2) - n. What is u(y)?
-15
Let n(c) = -c**2 - 3*c + 3. Let v be (-105)/4 + (0 - 1/(-4)). Le